(j) = -12*j. What is l(3)?
-36
Let w(t) = -t**3 + 2*t**2 + 4*t + 12. Determine w(4).
-4
Let z(j) = 7*j - 94. Determine z(26).
88
Let g(s) = 3*s + 12. What is g(-12)?
-24
Let o(c) = -c**3 + 11*c**2 - 19. Calculate o(11).
-19
Let g(f) = 2*f**2 - 4*f - 4. Determine g(4).
12
Let h(s) = -264*s - 785. What is h(-3)?
7
Let t(b) = -6*b**2 - 23*b - 1. Determine t(-4).
-5
Let u(n) = -n + 9. Determine u(8).
1
Let d(v) = 17*v**3 - v**2 + v - 1. Give d(1).
16
Let i(y) = -y**2 + 4*y + 7. Calculate i(5).
2
Let l(k) = -15*k - 27. Calculate l(-2).
3
Let d(t) = -t**3 + 8*t**2 - 11*t + 24. Give d(6).
30
Let s(j) = -j**3 + 13*j**2 + 3*j - 14. Calculate s(13).
25
Let b(y) = -y**3 + y**2 + 4*y + 3. What is b(4)?
-29
Let p(a) = 3*a**2 + 99*a + 16. Calculate p(-33).
16
Let g(h) = -7*h + 66. What is g(20)?
-74
Let m(p) = 20*p + 300. Give m(-15).
0
Let s(a) = -a**2 - 4*a + 4. Calculate s(-3).
7
Let d(s) = 10*s**3 + 2*s**2 + 2*s + 1. Determine d(-1).
-9
Let a(v) = -2*v**2 - 46*v - 155. Give a(-19).
-3
Let z(k) = -k**3 - 17*k**2 + 17*k - 9. Calculate z(-18).
9
Let s(a) = -a**2 - 3*a + 12. Calculate s(-6).
-6
Let u(l) = -2*l - 1. Determine u(-22).
43
Let v(j) = -7*j + 23. What is v(4)?
-5
Let i(w) = -w**3 - 2*w**2 + 18*w + 20. Calculate i(-5).
5
Let c(u) = -u**3 - 9*u**2 - 19*u - 29. Calculate c(-7).
6
Let h(x) = x**3 + 14*x**2 + 18*x + 13. Calculate h(-12).
85
Let k(g) = g**2 - 11*g + 80. Give k(13).
106
Let g(c) = -5*c + 117. Calculate g(22).
7
Let o(w) = 12*w + 37. Determine o(-11).
-95
Let b(y) = -y**3 + 6*y**2 - 8*y - 1. What is b(3)?
2
Let i(o) = -7*o - 14. Determine i(8).
-70
Let f(b) = -4*b**2 + 70*b + 124. Calculate f(19).
10
Let d(s) = 3*s**2 + 5*s + 8. Give d(-5).
58
Let p(n) = -n**3 + 9*n**2 + 26*n - 13. Calculate p(11).
31
Let y(z) = -z**2 - 19*z + 7. Give y(-18).
25
Let s(a) = a**3 - 10*a**2 - 14*a + 14. Give s(11).
-19
Let a(z) = -3*z**2 + 48*z + 47. Give a(17).
-4
Let n(m) = -m**3 - 50*m**2 + m + 88. Give n(-50).
38
Let r(t) = -6*t + 149. Calculate r(22).
17
Let q(w) = w**3 - 3*w + 3. What is q(-3)?
-15
Let v(o) = o**3 + 9*o**2 - 12*o + 5. Determine v(-10).
25
Let w(v) = -v**2 + 13. Calculate w(-10).
-87
Let i(p) = -p**3 + 9*p**2 + 68*p + 34. Calculate i(14).
6
Let k(o) = o**2 - 20*o + 77. Give k(5).
2
Let g(q) = -4*q - 28. Calculate g(-13).
24
Let o(l) = l**2 - 10*l - 256. Give o(-12).
8
Let c(t) = t**3 - 9*t**2 - 12*t + 7. What is c(5)?
-153
Let l(p) = 3*p + 25. Calculate l(6).
43
Let z(c) = 14*c + 1. Give z(-1).
-13
Let y(d) = 27*d + 410. Give y(-15).
5
Let a(v) = v**2 + 9*v - 60. Determine a(-13).
-8
Let y(h) = 17*h + 2. Determine y(1).
19
Let d(t) = t**3 + 9*t**2 + 15*t. Calculate d(-7).
-7
Let r(a) = a**2 - 104*a - 433. Determine r(-4).
-1
Let v(m) = -m**3 + 4*m**2 + 15*m - 19. Determine v(6).
-1
Let x(h) = -h**3 + 12*h**2 + 13*h - 8. Give x(13).
-8
Let c(g) = g**2 - 2*g - 1. Give c(6).
23
Let s(f) = -f**3 + 3*f**2 + 5*f. Determine s(4).
4
Let m(b) = -4*b**2 + 53*b + 10. Give m(13).
23
Let o(f) = -2*f**3 - 5*f**2 - 6*f - 7. Determine o(-3).
20
Let w(l) = 3*l**2 - 58*l + 10. What is w(19)?
-9
Let v(i) = i**2 - 20. Give v(4).
-4
Let w(j) = j - 12. Determine w(6).
-6
Let g(d) = 3*d - 20. Calculate g(6).
-2
Let b(j) = j + 14. Determine b(-16).
-2
Let y(q) = 7*q + 22. What is y(-4)?
-6
Let i(n) = 11*n - 11. Give i(5).
44
Let y(o) = -5*o + 10. Determine y(2).
0
Let x(y) = y**2 - 18*y + 10. What is x(17)?
-7
Let y(f) = 2*f**3 - 5*f - 5. Give y(-2).
-11
Let s(f) = f**2 + 3*f - 2. Give s(-2).
-4
Let w(y) = -12*y + 9. Calculate w(5).
-51
Let f(d) = -7*d**2 + 18*d + 6. Calculate f(-5).
-259
Let i(c) = 15*c**2 - 59*c. Give i(4).
4
Let j(s) = s**3 - 16*s + 1. Calculate j(-4).
1
Let b(r) = -6*r + 173. Calculate b(31).
-13
Let r(s) = 2*s + 4. Calculate r(10).
24
Let t(v) = 55*v. Give t(1).
55
Let o(t) = -t**3 - 10*t**2 - 8*t - 4. Calculate o(-9).
-13
Let q(a) = 8*a - 4. What is q(2)?
12
Let i(a) = -10*a - 36. What is i(-4)?
4
Let g(k) = -k**3 - 19*k**2 + 18*k - 47. Calculate g(-20).
-7
Let g(v) = 9*v + 3. Give g(2).
21
Let l(h) = 2*h**2 + 47*h - 7. What is l(-22)?
-73
Let o(j) = j**3 - 9*j**2 + j + 2. Calculate o(9).
11
Let q(c) = 2*c**3 - 9*c**2 - 7. Determine q(5).
18
Let q(k) = k**2 + 6*k + 7. What is q(-6)?
7
Let w(c) = -c**3 - c**2 - 11*c - 11. Calculate w(-4).
81
Let g(l) = 17*l + 286. Give g(-16).
14
Let g(a) = -a**3 - 26*a**2 - 45*a + 80. Give g(-24).
8
Let v(a) = -5*a + 107. What is v(20)?
7
Let q(x) = x**2 - 46*x - 254. Calculate q(51).
1
Let l(a) = -5*a - 17. What is l(-4)?
3
Let k(t) = -t + 4. Calculate k(-1).
5
Let k(i) = -i**3 - i**2 + 2*i + 4. What is k(-3)?
16
Let v(s) = -4*s**2 - 64*s - 5. What is v(-16)?
-5
Let k(s) = 2*s - 11. Determine k(5).
-1
Let j(v) = 42*v - 246. Give j(6).
6
Let t(o) = -o**3 - 3*o - 9. What is t(0)?
-9
Let n(o) = 2*o**2 + 32*o + 33. Calculate n(-15).
3
Let a(v) = -127*v - 374. Calculate a(-3).
7
Let w(u) = 19*u - 49. Calculate w(-7).
-182
Let h(j) = j**2 + 19*j + 25. Give h(-21).
67
Let y(v) = v**3 - 6*v**2 + 30. What is y(5)?
5
Let v(m) = -4*m. Calculate v(7).
-28
Let d(m) = 2*m**3 + 4*m**2 - 3. Calculate d(-3).
-21
Let v(m) = -m**3 + 3*m**2 + 7*m - 5. Determine v(4).
7
Let d(h) = h**2 - 4*h - 8. Give d(6).
4
Let d(v) = 12*v**3 - 2*v**2 - v + 2. Give d(1).
11
Let c(u) = 2*u + 2. Give c(2).
6
Let r(i) = i + 1. Determine r(-3).
-2
Let y(f) = 4*f - 11. Determine y(-4).
-27
Let b(z) = 16*z + 137. Give b(-8).
9
Let b(f) = -f**3 + 2*f**2 - 3*f. Calculate b(4).
-44
Let h(c) = -5*c**2 + c - 1. What is h(-2)?
-23
Let h(q) = -q**3 - 2*q**2 + 3*q + 1. What is h(-3)?
1
Let q(h) = h**2 - 43*h - 590. Give q(-11).
4
Let r(p) = -p**2 + 12*p - 15. Determine r(10).
5
Let z(a) = a**3 - 2*a**2 + a - 1. Give z(1).
-1
Let v(x) = x**2 - 13*x + 11. Determine v(14).
25
Let s(z) = z**3 - 16*z**2 + 38*z + 6. Determine s(3).
3
Let o(j) = -j**3 - 9*j**2 + 3*j + 20. Give o(-9).
-7
Let d(s) = -s**2 + 20*s - 11. Give d(19).
8
Let d(h) = -h**3 + h**2 + 3*h + 2. Determine d(3).
-7
Let i(j) = 2*j**3 - j**2 - j + 2. Give i(1).
2
Let b(t) = 4*t - 13. Give b(4).
3
Let f(r) = 2*r**3 + 11*r**2 + 5*r - 3. What is f(-5)?
-3
Let s(t) = -2*t + 66. Calculate s(13).
40
Let s(v) = 2*v**2 - 23*v - 11. Determine s(12).
1
Let b(t) = 4*t - 37. What is b(14)?
19
Let i(t) = -2*t**2 - t + 2. Calculate i(2).
-8
Let q(t) = t**3 + 8*t**2 + 7*t - 7. Calculate q(-7).
-7
Let i(f) = -f**2 - 4*f - 10. What is i(-3)?
-7
Let q(l) = 114*l - 8. Determine q(0).
-8
Let k(f) = -f**3 + 6*f**2 - 4*f. What is k(5)?
5
Let c(a) = 7*a**3 + 22*a**2 + 4*a. Calculate c(-3).
-3
Let b(c) = 31*c + 277. Calculate b(-9).
-2
Let q(a) = -3*a + 5. Calculate q(13).
-34
Let l(p) = -p**2 - 34*p + 24. Give l(-34).
24
Let s(w) = w**3 + 26*w**2 + 22*w - 70. Determine s(-25).
5
Let f(j) = 14*j - 69. Calculate f(7).
29
Let t(p) = 3*p**3 - p**2 + 3*p - 2. Give t(-2).
-36
Let l(v) = -2*v**3 - 3*v**2 - v. Determine l(-2).
6
Let v(k) = -k**2 - 9*k - 2. What is v(-2)?
12
Let i(g) = -4*g + 3. Determine i(6).
-21
Let h(j) = 4*j + 3. Calculate h(4).
19
Let l(n) = -22*n - 105. Give l(-5).
5
Let o(h) = -2*h + 2. Calculate o(6).
-10
Let b(m) = -2*m + 6. Calculate b(6).
-6
Let i(x) = -x**3 + 15*x**2 + 18*x - 22. What is i(16)?
10
Let k(a) = -a - 8. What is k(13)?
-21
Let s(p) = -2*p**3 - 5*p**2 - 5*p - 1. Give s(-2).
5
Let b(a) = -2*a + 16. Calculate b(9).
-2
Let f(x) = x**2 - 6*x - 27. Determine f(9).
0
Let m(t) = 3*t**2 - 17*t + 16. Determine m(6).
22
Let d(a) = 3*a + 2. Calculate d(2).
8
Let z(k) = -4*k + 171. Give z(44).
-5
Let y(b) = 2*b**3 + 2*b**2 - 8*b + 7. What is y(2)?
15
Let t(s) = s**3 + 29*s**2 + 27*s - 56. What is t(-28)?
-28
Let d(u) = -3*u**2 + 6*u - 3. Determine d(4).
-27
Let l(y) = -y**2 + 2*y - 9. Calculate l(4).
-17
Let z(d) = -2*d**2 - 66*d - 186. What is z(-30)?
-6
Let h(x) = x**2 - 3*x - 4. Determine h(-4).
24
Let d(z) = z**3 + 6*z**2 - 9*z - 7. Determine d(-7).
7
Let m(y) = y**2 - 10*y - 2. Calculate m(10).
-2
Let d(l) = l**3 + 16*l**2 - 16*l + 18. Calculate d(-17).
1
Let x(n) = n**3 + 26*n**2 + 90*n + 52. Give x(-22).
8
Let x(d) = -d - 18. What is x(-21)?
3
Let y(s) = 8*s**2 + 16*s + 15. What is y(-1)?
7
Let a(v) = v**2 - 13*v - 142. Give a(20).
-2
Let j(p) = -p**3 + 6*p**2 + 5*p + 8. What is j(7)?
-6
Let d(f) = f**2 - 8*f - 10. Give d(6).
-22
Let n(m) = 6*m - 4. Give n(9).
50
Let c(z) = z**2 + 19